{"id":21,"date":"2026-03-06T13:07:15","date_gmt":"2026-03-06T13:07:15","guid":{"rendered":"https:\/\/lecafedumidi46.fr\/?page_id=21"},"modified":"2026-03-30T14:40:38","modified_gmt":"2026-03-30T14:40:38","slug":"cafe-du-midi-restaurant-lacapelle-marival-rank-math-seo","status":"publish","type":"page","link":"https:\/\/lecafedumidi46.fr\/","title":{"rendered":"Accueil-Restaurant Lacapelle Marival"},"content":{"rendered":"\t\t<div data-elementor-type=\"wp-page\" data-elementor-id=\"21\" class=\"elementor elementor-21\">\n\t\t\t\t<div class=\"elementor-element elementor-element-39ae003 e-con-full e-flex e-con e-parent\" data-id=\"39ae003\" data-element_type=\"container\" data-e-type=\"container\" data-settings=\"{&quot;background_background&quot;:&quot;classic&quot;}\">\n\t\t\t\t<div class=\"elementor-element elementor-element-ef81d7c elementor-widget elementor-widget-heading\" data-id=\"ef81d7c\" data-element_type=\"widget\" data-e-type=\"widget\" data-widget_type=\"heading.default\">\n\t\t\t\t\t<h2 class=\"elementor-heading-title elementor-size-default\">Bienvenue au Caf\u00e9 du Midi<\/h2>\t\t\t\t<\/div>\n\t\t\t\t<div class=\"elementor-element elementor-element-68386a8 elementor-widget elementor-widget-text-editor\" data-id=\"68386a8\" data-element_type=\"widget\" data-e-type=\"widget\" data-widget_type=\"text-editor.default\">\n\t\t\t\t\t\t\t\t\t<p><b>Cuisine maison, produits frais, produits locaux ambiance conviviale. Une cuisine g\u00e9n\u00e9reuse, inspir\u00e9e du terroir.<\/b><\/p>\n<p><b>Votre table de c\u0153ur au centre du village face au Ch\u00e2teau de Lacapelle Marival<\/b>.<\/p>\t\t\t\t\t\t\t\t<\/div>\n\t\t\t\t<div class=\"elementor-element elementor-element-a1f30d3 elementor-widget elementor-widget-button\" data-id=\"a1f30d3\" data-element_type=\"widget\" data-e-type=\"widget\" data-widget_type=\"button.default\">\n\t\t\t\t\t\t\t\t\t\t<a class=\"elementor-button elementor-button-link elementor-size-sm\" href=\"https:\/\/lecafedumidi46.fr\/?page_id=70\" target=\"_blank\">\n\t\t\t\t\t\t<span class=\"elementor-button-content-wrapper\">\n\t\t\t\t\t\t\t\t\t<span class=\"elementor-button-text\">R\u00e9server une table<\/span>\n\t\t\t\t\t<\/span>\n\t\t\t\t\t<\/a>\n\t\t\t\t\t\t\t\t<\/div>\n\t\t\t\t<\/div>\n\t\t<div class=\"elementor-element elementor-element-02f20b0 e-flex e-con-boxed e-con e-parent\" data-id=\"02f20b0\" data-element_type=\"container\" data-e-type=\"container\">\n\t\t\t\t\t<div class=\"e-con-inner\">\n\t\t\t\t<div class=\"elementor-element elementor-element-1cfd419 elementor-widget elementor-widget-heading\" data-id=\"1cfd419\" data-element_type=\"widget\" data-e-type=\"widget\" data-widget_type=\"heading.default\">\n\t\t\t\t\t<h2 class=\"elementor-heading-title elementor-size-default\">Le Caf\u00e9 du Midi,\nune ambiance familiale, \nune cuisine g\u00e9n\u00e9reuse inspir\u00e9e du terroir lotois<\/h2>\t\t\t\t<\/div>\n\t\t<div class=\"elementor-element elementor-element-4ce33d8 e-con-full e-flex e-con e-child\" data-id=\"4ce33d8\" data-element_type=\"container\" data-e-type=\"container\">\n\t\t\t\t<\/div>\n\t\t\t\t\t<\/div>\n\t\t\t\t<\/div>\n\t\t<div class=\"elementor-element elementor-element-aa584ba e-flex e-con-boxed e-con e-parent\" data-id=\"aa584ba\" data-element_type=\"container\" data-e-type=\"container\">\n\t\t\t\t\t<div class=\"e-con-inner\">\n\t\t<div class=\"elementor-element elementor-element-ced2e90 e-con-full e-flex e-con e-child\" data-id=\"ced2e90\" data-element_type=\"container\" data-e-type=\"container\">\n\t\t\t\t<div class=\"elementor-element elementor-element-7592306 elementor-widget elementor-widget-image\" data-id=\"7592306\" data-element_type=\"widget\" data-e-type=\"widget\" data-widget_type=\"image.default\">\n\t\t\t\t\t\t\t\t\t\t\t\t\t\t\t<img decoding=\"async\" width=\"150\" height=\"150\" src=\"http:\/\/lecafedumidi46.fr\/wp-content\/uploads\/2026\/03\/g5a9561e84530800ec4a8f1a5a06f66ef646da0fcb5313188804cc3d78f6dafe03b65816461379a52402794346ed2d658294e8deec3c6c3462534d33ebd394470_1280-2326481-150x150.jpg\" class=\"attachment-thumbnail size-thumbnail wp-image-29\" alt=\"salmon, grill, fish on a plank, grilled salmon, ball-and-grill fish, grilled fish, grilled salmon, grilled salmon, grilled salmon, grilled salmon, grilled salmon, grilled fish, grilled fish, grilled fish, grilled fish\" \/>\t\t\t\t\t\t\t\t\t\t\t\t\t\t\t<\/div>\n\t\t\t\t<div class=\"elementor-element elementor-element-1e3fbcc elementor-widget elementor-widget-text-editor\" data-id=\"1e3fbcc\" data-element_type=\"widget\" data-e-type=\"widget\" data-widget_type=\"text-editor.default\">\n\t\t\t\t\t\t\t\t\t<p>Saumon Gravelax, boeuf Gravelax, sauce Chimichurri, tout est fait maison dans le plus pur respect des traditions scandinaves.<\/p>\t\t\t\t\t\t\t\t<\/div>\n\t\t\t\t<\/div>\n\t\t<div class=\"elementor-element elementor-element-e8d4bd7 e-con-full e-flex e-con e-child\" data-id=\"e8d4bd7\" data-element_type=\"container\" data-e-type=\"container\">\n\t\t\t\t<div class=\"elementor-element elementor-element-4197d30 elementor-widget elementor-widget-image\" data-id=\"4197d30\" data-element_type=\"widget\" data-e-type=\"widget\" data-widget_type=\"image.default\">\n\t\t\t\t\t\t\t\t\t\t\t\t\t\t\t<img fetchpriority=\"high\" decoding=\"async\" width=\"300\" height=\"300\" src=\"http:\/\/lecafedumidi46.fr\/wp-content\/uploads\/2026\/03\/pexels-photo-4586810-4586810-300x300.jpg\" class=\"attachment-medium size-medium wp-image-30\" alt=\"From above of delicious cut meatloaf served on black slate plate with appetizing crispy burger and decorated with pomegranate seeds\" srcset=\"http:\/\/lecafedumidi46.fr\/wp-content\/uploads\/2026\/03\/pexels-photo-4586810-4586810-300x300.jpg 300w, http:\/\/lecafedumidi46.fr\/wp-content\/uploads\/2026\/03\/pexels-photo-4586810-4586810-1024x1024.jpg 1024w, http:\/\/lecafedumidi46.fr\/wp-content\/uploads\/2026\/03\/pexels-photo-4586810-4586810-150x150.jpg 150w, http:\/\/lecafedumidi46.fr\/wp-content\/uploads\/2026\/03\/pexels-photo-4586810-4586810-768x768.jpg 768w, http:\/\/lecafedumidi46.fr\/wp-content\/uploads\/2026\/03\/pexels-photo-4586810-4586810-1536x1536.jpg 1536w, http:\/\/lecafedumidi46.fr\/wp-content\/uploads\/2026\/03\/pexels-photo-4586810-4586810-2048x2048.jpg 2048w\" sizes=\"(max-width: 300px) 100vw, 300px\" \/>\t\t\t\t\t\t\t\t\t\t\t\t\t\t\t<\/div>\n\t\t\t\t<div class=\"elementor-element elementor-element-5e95b4c elementor-widget elementor-widget-text-editor\" data-id=\"5e95b4c\" data-element_type=\"widget\" data-e-type=\"widget\" data-widget_type=\"text-editor.default\">\n\t\t\t\t\t\t\t\t\t<p>Le canard, mets embl\u00e9matique du Sud Ouest est un produit vedette du Caf\u00e9 du Midi.Nous travaillons nous m\u00eame nos canard pour vous proposer du foie gras, des confits de canard ou des magrets de canard aussi savoureux que parfum\u00e9s<\/p>\t\t\t\t\t\t\t\t<\/div>\n\t\t\t\t<\/div>\n\t\t<div class=\"elementor-element elementor-element-c27bd52 e-con-full e-flex e-con e-child\" data-id=\"c27bd52\" data-element_type=\"container\" data-e-type=\"container\">\n\t\t\t\t<div class=\"elementor-element elementor-element-eec1d82 elementor-widget elementor-widget-image\" data-id=\"eec1d82\" data-element_type=\"widget\" data-e-type=\"widget\" data-widget_type=\"image.default\">\n\t\t\t\t\t\t\t\t\t\t\t\t\t\t\t<img decoding=\"async\" width=\"1\" height=\"1\" src=\"http:\/\/lecafedumidi46.fr\/wp-content\/uploads\/2026\/03\/pexels-photo-9271569-9271569.jpg\" class=\"attachment-medium size-medium wp-image-31\" alt=\"\" \/>\t\t\t\t\t\t\t\t\t\t\t\t\t\t\t<\/div>\n\t\t\t\t<div class=\"elementor-element elementor-element-e54ced3 elementor-widget elementor-widget-text-editor\" data-id=\"e54ced3\" data-element_type=\"widget\" data-e-type=\"widget\" data-widget_type=\"text-editor.default\">\n\t\t\t\t\t\t\t\t\t<p>C&#8217;est une farandole de desserts gourmands, faits maison qui vous attend au Caf\u00e9 du Midi<\/p>\t\t\t\t\t\t\t\t<\/div>\n\t\t\t\t<\/div>\n\t\t\t\t\t<\/div>\n\t\t\t\t<\/div>\n\t\t\t\t<\/div>\n\t\t","protected":false},"excerpt":{"rendered":"<p>Bienvenue au Caf\u00e9 du Midi Cuisine maison, produits frais, produits locaux ambiance conviviale. Une cuisine g\u00e9n\u00e9reuse, inspir\u00e9e du terroir. Votre [&hellip;]<\/p>\n","protected":false},"author":1,"featured_media":0,"parent":0,"menu_order":0,"comment_status":"closed","ping_status":"closed","template":"","meta":{"site-sidebar-layout":"no-sidebar","site-content-layout":"","ast-site-content-layout":"full-width-container","site-content-style":"default","site-sidebar-style":"default","ast-global-header-display":"","ast-banner-title-visibility":"","ast-main-header-display":"","ast-hfb-above-header-display":"","ast-hfb-below-header-display":"","ast-hfb-mobile-header-display":"","site-post-title":"","ast-breadcrumbs-content":"","ast-featured-img":"disabled","footer-sml-layout":"","ast-disable-related-posts":"","theme-transparent-header-meta":"","adv-header-id-meta":"","stick-header-meta":"","header-above-stick-meta":"","header-main-stick-meta":"","header-below-stick-meta":"","astra-migrate-meta-layouts":"default","ast-page-background-enabled":"default","ast-page-background-meta":{"desktop":{"background-color":"var(--ast-global-color-5)","background-image":"","background-repeat":"repeat","background-position":"center center","background-size":"auto","background-attachment":"scroll","background-type":"","background-media":"","overlay-type":"","overlay-color":"","overlay-opacity":"","overlay-gradient":""},"tablet":{"background-color":"","background-image":"","background-repeat":"repeat","background-position":"center center","background-size":"auto","background-attachment":"scroll","background-type":"","background-media":"","overlay-type":"","overlay-color":"","overlay-opacity":"","overlay-gradient":""},"mobile":{"background-color":"","background-image":"","background-repeat":"repeat","background-position":"center center","background-size":"auto","background-attachment":"scroll","background-type":"","background-media":"","overlay-type":"","overlay-color":"","overlay-opacity":"","overlay-gradient":""}},"ast-content-background-meta":{"desktop":{"background-color":"var(--ast-global-color-4)","background-image":"","background-repeat":"repeat","background-position":"center center","background-size":"auto","background-attachment":"scroll","background-type":"","background-media":"","overlay-type":"","overlay-color":"","overlay-opacity":"","overlay-gradient":""},"tablet":{"background-color":"var(--ast-global-color-4)","background-image":"","background-repeat":"repeat","background-position":"center center","background-size":"auto","background-attachment":"scroll","background-type":"","background-media":"","overlay-type":"","overlay-color":"","overlay-opacity":"","overlay-gradient":""},"mobile":{"background-color":"var(--ast-global-color-4)","background-image":"","background-repeat":"repeat","background-position":"center center","background-size":"auto","background-attachment":"scroll","background-type":"","background-media":"","overlay-type":"","overlay-color":"","overlay-opacity":"","overlay-gradient":""}},"footnotes":""},"class_list":["post-21","page","type-page","status-publish","hentry"],"_links":{"self":[{"href":"https:\/\/lecafedumidi46.fr\/index.php?rest_route=\/wp\/v2\/pages\/21","targetHints":{"allow":["GET"]}}],"collection":[{"href":"https:\/\/lecafedumidi46.fr\/index.php?rest_route=\/wp\/v2\/pages"}],"about":[{"href":"https:\/\/lecafedumidi46.fr\/index.php?rest_route=\/wp\/v2\/types\/page"}],"author":[{"embeddable":true,"href":"https:\/\/lecafedumidi46.fr\/index.php?rest_route=\/wp\/v2\/users\/1"}],"replies":[{"embeddable":true,"href":"https:\/\/lecafedumidi46.fr\/index.php?rest_route=%2Fwp%2Fv2%2Fcomments&post=21"}],"version-history":[{"count":14,"href":"https:\/\/lecafedumidi46.fr\/index.php?rest_route=\/wp\/v2\/pages\/21\/revisions"}],"predecessor-version":[{"id":197,"href":"https:\/\/lecafedumidi46.fr\/index.php?rest_route=\/wp\/v2\/pages\/21\/revisions\/197"}],"wp:attachment":[{"href":"https:\/\/lecafedumidi46.fr\/index.php?rest_route=%2Fwp%2Fv2%2Fmedia&parent=21"}],"curies":[{"name":"wp","href":"https:\/\/api.w.org\/{rel}","templated":true}]}}